 3*a - 393886 = 0. Is x a composite number?
False
Suppose 20*g - 19*g + 5 = 0. Let l(a) = a**3 + 8*a**2 + 7*a + 17. Let r be l(g). Suppose -58*x + 443 = -r*x. Is x prime?
True
Let u(z) = z**3 - 12*z**2 + 11*z + 10. Let f be u(11). Suppose -4 = 2*d - f. Let y(i) = 152*i**2 + 6*i - 5. Is y(d) a composite number?
False
Let n be (-4)/10 + (-276)/(-90)*6. Let r be ((-12)/n)/((-1)/9). Suppose 0 = -r*k + 176 + 346. Is k a prime number?
False
Let f(k) = 1591*k**2 - 12*k - 10. Let q be f(8). Is -1 + (-8)/(-6)*q/6 a prime number?
False
Suppose -6996 = -4*c + g - 5*g, -c - 4*g = -1758. Let h be (c/(-8))/(6*3/72). Let b = 1594 + h. Is b a composite number?
True
Suppose 1905 = 3*w + 4*c - 3*c, 2540 = 4*w + 4*c. Let r be 12*1/10*w. Suppose 0*u + r = 6*u. Is u composite?
False
Let j = -2425 - -7413. Suppose k = d - 1247, -d - j = -5*d - 4*k. Is d a composite number?
True
Let u = -42667 + 393386. Is u a prime number?
True
Suppose 5*n - 8*n + 18 = 0. Suppose 5*j = n*j - 4*y + 2672, 5*y = 3*j + 8009. Let l = j + 4067. Is l a prime number?
True
Let p(h) = 8511*h**2 + 20*h + 18. Is p(-1) a composite number?
True
Let r(b) = 1033*b + 105 - 872*b + 917*b - 22*b + 1738*b. Is r(20) composite?
True
Suppose 46110 = 2*r - 4*q, -4*r + 92172 = -105*q + 103*q. Is r composite?
False
Let x = -79 + 78. Is (x*1285/(-10))/(2/4) composite?
False
Let n be 19/7 - (-4)/14. Suppose -40*o = -272 + 72. Suppose -o*s + 7978 = -n*s. Is s composite?
False
Let v(q) = 5270*q - 277. Is v(4) a prime number?
False
Let l = 179875 - 68688. Is l prime?
True
Let v = 1622 + 274. Let z = -883 + v. Let a = 1732 - z. Is a a prime number?
True
Suppose 0 = -29*u + 23*u - 34*u + 637880. Is u a prime number?
False
Suppose -a = -z + 3*z - 16, -5*a + 4*z = -10. Let c = 3 - a. Is -2 + 6 + c + 596 a prime number?
False
Let j = 201 + -207. Is -2 + 0 + j + 3562 a composite number?
True
Is (-1 + 2)*(17881 + 78) prime?
True
Is (-7)/(91/78) - (-1106517)/3 composite?
False
Suppose -15*b + 350 = 35*b. Suppose 0 = -b*p - 15*p + 78782. Is p a composite number?
False
Suppose 6*k + 34*k - 2931290 = -617730. Is k a composite number?
False
Let u be (-2)/5 + ((-14464)/(-10) - 1). Suppose 10*z + 3*q = 7*z + 1104, 0 = -4*z + 5*q + u. Is z a prime number?
False
Suppose -6*a = -20*a - 252. Let m(q) = -7*q - 47. Let b be m(a). Suppose -b*i = -74*i - 425. Is i a composite number?
True
Let f = -50 + 52. Suppose -3*s - 3*h = -1683, 0 = 3*s + h - f*h - 1703. Is s prime?
False
Suppose 11*g - 15*g - 1673639 = -15*g. Is g a composite number?
True
Suppose -4452 = -2*d - 4*b, 3*d + 4*b - 2810 = 3864. Let z = 3931 - d. Is z prime?
True
Let b = -1346 - -3435. Let f be (-3)/(4 - 1) - -3. Suppose f*j - 1398 = -2*y, -j + 4*j + y = b. Is j prime?
False
Let y(k) = -409*k + 6089. Is y(-56) a composite number?
True
Let q(h) = 33*h**2 - 1. Let t be q(1). Suppose -8*p - t = -4*p. Is (-16892)/p + 2/(-4) a composite number?
False
Suppose -9 = -3*r + 6. Suppose -724 = -4*l + 2*x - 6*x, -4*l = 2*x - 730. Suppose -3359 + l = -r*u. Is u composite?
True
Let s(d) = -46*d**3 + 13*d**2 + 5*d - 2. Let p(w) = -45*w**3 + 12*w**2 + 5*w - 1. Let y(o) = 5*p(o) - 4*s(o). Is y(-4) composite?
True
Let y(f) = 11*f**2 + 33*f + 41. Let x(o) = 7*o**2 + 22*o + 27. Let h(v) = -8*x(v) + 5*y(v). Let p be h(-3). Suppose -p*r + 15*r - 2798 = 0. Is r prime?
True
Let z(c) = -21*c**2 + 36*c - 130. Let g(f) = 10*f**2 - 18*f + 65. Let b(a) = 9*g(a) + 4*z(a). Let j = -698 + 680. Is b(j) a prime number?
True
Is (3/1)/(((-72)/40)/3) - -6331 composite?
True
Let t(s) = -s**3 - 2*s**2 - 10*s + 6. Let g = 49 - 32. Suppose 0 = 4*i + 3 + g. Is t(i) composite?
False
Let s = -4260683 + 6477748. Is s a composite number?
True
Let m = -6708 - -13368. Let a = m + -2927. Is a prime?
True
Let p(b) = 13*b**2 + 23*b + 72. Let k be p(-29). Suppose 5*l = -3*u + 35604, 13373 = 2*u - 5*l - k. Is u a composite number?
False
Let i be (-4)/6 + (-572)/(-39). Suppose -i*v + 229 = -681. Is v prime?
False
Suppose -5*z = -14*r + 11*r - 18, -4*z + 2*r = -16. Let u(q) = 469*q**2 + 35*q - 53. Let l(s) = 117*s**2 + 9*s - 13. Let w(i) = 9*l(i) - 2*u(i). Is w(z) prime?
False
Let i = -184 - -508. Let n = 462 - i. Let c = n + 53. Is c prime?
True
Suppose -4*q = 5*i - 3719, 4*q - 651 = -4*i + 3065. Let u = q - 345. Is u a composite number?
True
Let u(n) = n**3 + 35*n**2 + 36*n + 23. Suppose y = -0*m - 2*m - 30, -3*y = 6. Is u(m) a prime number?
False
Let m(p) be the second derivative of 197*p**7/2520 - p**5/120 - p**4 - 19*p. Let z(o) be the third derivative of m(o). Is z(-2) prime?
True
Let i(k) = -5*k - 45. Let v be i(8). Let u = v + 85. Suppose u = -8*b + 10*b - 9674. Is b a prime number?
False
Suppose w + 29269 - 109428 = 0. Is w composite?
True
Suppose 0 = 6*q - 16 - 38. Suppose -b + 5*b = q*b. Is (-4)/(4/(-2917)) - b/(-2) composite?
False
Suppose 0*m - 31*m = 31. Is (5 - 6 - -14)/(m/(-211)) prime?
False
Is (-14)/(-35) + (-83106)/(-10) a composite number?
False
Suppose -29*z = -22127169 - 34455166. Is z prime?
False
Let r = 3313281 - -556640. Is r a composite number?
True
Suppose 42*w - 791823 = 393165. Is w a prime number?
False
Let r = -12697 + 26094. Is r a composite number?
False
Let b = -6089 - -9198. Is b a prime number?
True
Suppose 5*w + 4*k = -112, 3*w - k - 3*k = -48. Let j(o) = -1150*o + 11. Is j(w) prime?
True
Suppose 27 = 26*t - 25. Suppose -3*y + 4*k = -7*y + 68832, -t*y = -4*k - 34446. Is y composite?
True
Let r(f) = -10558*f - 17701. Is r(-68) a composite number?
True
Is 7/(21/(-33)) + (63250 - -2) composite?
False
Suppose 5*z + 2762 = -5*l - 4043, 5*l + 4*z = -6801. Let w = 2298 + l. Is w a prime number?
True
Is 66/(-231) - (-4366858)/70 - (-10)/(-25) a composite number?
False
Suppose 0 = 11*q + 14*q + 29*q - 212922. Is q a prime number?
True
Suppose -40*l = -57*l - 51. Is (-4)/l*(-1705911)/(-212) prime?
True
Let k(b) = 238*b**2 + 178*b + 107. Is k(-35) a prime number?
False
Suppose 0 = -u - 2*u + 42. Suppose u*k + 7410 = 9*k. Let q = -1037 - k. Is q prime?
False
Suppose -o - 714892 = -x + 1725846, 2*x - 4881486 = 4*o. Is x a prime number?
True
Suppose 0 = 136*o - 134*o - 6. Suppose -o*j = -3*r - 5751, -3*j + 5*r + 5227 = -516. Is j prime?
False
Let w(g) = -6*g**3 + g**2 + 8*g - 1. Let t be (-1)/((-3)/(-8 + 2)) - -2. Let y be (-6)/(-2) + t - 7. Is w(y) a prime number?
True
Let k(m) = -m**3 - 28*m**2 - 30*m + 61. Suppose 0 = 7*g - g + 168. Is k(g) a composite number?
True
Let w be -1*2*((-14)/(-4) + -1). Let o(z) = z**3 + 3*z**2 - 10*z. Let b be o(w). Suppose -3*l = -j - 2873, 3*l - 2*l + 3*j - 971 = b. Is l a composite number?
True
Let q(z) = -1665*z - 1219. Is q(-78) a prime number?
False
Let u be (49/(-7) - 463) + 6. Let x = u - -1713. Is x prime?
True
Let x(i) = i**3 - 18*i**2 + 2. Let y be x(18). Suppose -m + 1 = -4*n - y*m, 4*m = 2*n - 4. Is -133*(-2 + (1 - n)) composite?
True
Let f(k) = -2*k - 1. Let q be f(-2). Suppose q - 1 = 2*p. Is 1 - (-405 - (0 + p)) prime?
False
Suppose 2*f + p = 42861, -5*f + 108596 = -p + 1426. Is f prime?
True
Suppose l - c - 415 = 51, -3*c - 2330 = -5*l. Suppose -4*t - 408 = 2056. Let m = l - t. Is m a prime number?
False
Suppose 0 = 3*r + 4*n + 14, -3*r + 29 = -r - 5*n. Suppose 0 = -r*h - h + 9. Suppose -4*q - h*x + x = -2122, 0 = -2*q - 4*x + 1070. Is q prime?
False
Suppose 19*u = 24*u + 2*d + 14, u + d = -1. Is (-8)/32 + (-7485)/u a prime number?
True
Let o(r) = 2*r - 12. Let j be o(7). Suppose -2*p - j = -3*s, 8 = -4*s + 3*s + 5*p. Suppose w + 437 = s*w. Is w a composite number?
True
Suppose c = -c + 1940. Let m = 691 - c. Let o = 440 + m. Is o prime?
False
Let z be 1074/14 - 2/(-7). Suppose 4*v = -3*v + z. Suppose -18*j = -v*j - 6671. Is j a composite number?
False
Suppose 2*b - 25501 = 2284102 + 47343. Is b a composite number?
True
Let r(f) = -7*f**2 + f + 1. Let s(a) = 15*a**2 - 2*a - 2. Let x(m) = -10*r(m) - 4*s(m). Suppose -11*h = 67 - 23. Is x(h) composite?
True
Let u(l) = 70*l - 12. Let r(c) = c. Let g(x) = 2*r(x) - 2*u(x). Let n be g(-6). Suppose 5*j = o - 3*o + 1047, -4*j + n = -2*o. Is j a composite number?
False
Let d(j) = 1128*j - 13. Let z be ((-2)/(-6))/(70/(-18) + 4). Let w be d(z). Suppose w = 9*x - 10678. Is x a composite number?
True
Is (-10)/3*((-166617)/34 - 6) prime?
False
Let g(s) = -s**2 + 13*s - 7. Let b be g(10). Suppose 2*p + 6 = -